*3 + 5*l**3 - 2*l**2 + 10 + 9*l - 2 + 16. Let b(c) = 3*c**3 - c**2 + 2*c + 6. Let n(o) = 9*b(o) - 2*i(o). Calculate n(5).
6
Let f(k) = -k**2 - 22*k + 45. Let h(s) = 3*s**3 - 32*s**2 - 6*s - 79. Let c be h(11). Give f(c).
-3
Let u(f) = f**3 - 19*f**2 - 15*f + 4. Let s(n) = 2*n**2 + 4*n. Let a(w) = -5*s(w) - u(w). Calculate a(8).
20
Let x(p) be the second derivative of p**4/12 - 7*p**3/6 - 11*p**2 - 213*p. Calculate x(9).
-4
Let n(x) = x**2 + 2*x - 2. Suppose 25*y = 72*y - 1927. Suppose -21 + y = -5*q. Calculate n(q).
6
Let r(s) = s**3 - s**2 + s + 18. Suppose -6*q = -9*q + 93. Suppose -2*h + z = -0*h - 11, z = -5*h + q. Suppose -5*m + h = 6. What is r(m)?
18
Let v(j) be the third derivative of -j**4/4 - j**3/6 - 289*j**2. Suppose -8 = q - 5*q. Let c be 1/(1 - 0 - q). Calculate v(c).
5
Let f(y) = -13*y - 437. Let o be f(-33). Let c(j) = -j**3 - 7*j**2 + 7*j. Give c(o).
8
Let o = -13302 - -13301. Let m(g) = 28*g - 3. Calculate m(o).
-31
Let z(i) be the second derivative of i**4/12 + 3*i**3/2 - 13*i**2 + 17*i - 1. What is z(-11)?
-4
Suppose 4*d = -3*o + 137 - 989, 3*o + 852 = -5*d. Let z = o + 285. Let v(h) = 4*h**2 - h. What is v(z)?
3
Suppose 60 = 5*m + 3*c + 80, -3*m = 6*c - 9. Let a(x) = -6*x + 3*x**2 - 9 - 4*x**2 - x. Determine a(m).
-9
Let l(n) = n**3 - 2*n**2 + 3*n**2 + 3*n - 1 - 5*n**2. Let c(a) = 87 - 74 + 83 + 93*a. Let z be c(-1). What is l(z)?
-1
Suppose 3*s + 438 = 2*n + 426, 2*s + 8 = -3*n. Let v(m) = -m**2 - 4*m + 52. Give v(n).
52
Let w(o) = o**2 + 1. Let s(f) = 7*f**2 + f + 12. Let v(q) = -s(q) + 6*w(q). Let y(k) = 2*k**2 - 20*k + 1. Let b be y(8). Let z = 31 + b. Calculate v(z).
-6
Let s(x) be the second derivative of -x**5/20 + x**3/2 + x**2 + x. Let y(g) = g**3 - 5*g**2 - 15*g + 3. Let p be y(7). Let q be -2*(3 + 13/p)*-4. What is s(q)?
4
Let j be -1*1/3 - 592/(-1776). Let c(k) be the second derivative of j - 6*k + 1/12*k**4 + k**2 + 2/3*k**3. Calculate c(-2).
-2
Let r be 1 + (-9)/5 - (-117)/15. Let n(b) = -9*b**2 + 4*b + 15. Let w(j) = 2*j**2 - 3*j. Let x(f) = -n(f) - 5*w(f). Give x(r).
13
Let z(w) = -w. Let b be z(-2). Let r(h) = 16 - 3*h**3 + 9*h**2 - h**2 - 7 + b*h**3 - 10*h. Let p be (-16)/(-1)*1458/3888. Calculate r(p).
21
Suppose -4*v - 296 = 4*a, 10*a = 4*v + 5*a + 251. Let w = v + 69. Let f(c) = -c - 27. Give f(w).
-27
Let a(n) = 0*n + 49 - 7*n - 3*n**2 + 50 - 105. What is a(-4)?
-26
Let z be 162/(-30)*(-540)/(-162). Let k(m) = -m**2 - 19*m + 34. Determine k(z).
52
Let p(l) = l**2 + 4*l + 4. Suppose 500 = 4*z + 6*z. Let o = 32 - z. Let u be 2/o*38 - 4/(-18). What is p(u)?
4
Let w(x) be the second derivative of 0*x**2 + 2*x - 139 + 1/6*x**3. Calculate w(-9).
-9
Let b(a) be the third derivative of a**4/4 - 32*a**3/3 + 1475*a**2. Determine b(9).
-10
Let g be 4 + (-8)/(-64)*0. Let c(u) be the third derivative of 25*u**2 + 0*u + 1/20*u**5 + 0 - 2/3*u**3 + 0*u**g. Give c(-3).
23
Let t(b) = 15*b**2 - b + 25. Let g(r) = 7*r**2 - r + 12. Suppose -52 = 247*y - 243*y. Let s(k) = y*g(k) + 6*t(k). What is s(5)?
4
Suppose -3*g = 5*c - 134 + 66, 3*g = -2*c + 47. Let s(i) = 6*i - 44. Calculate s(g).
22
Let m(h) = 20*h**2 + 25. Let i(u) = -u**2 - 6. Let s(p) = -4*i(p) - m(p). What is s(-1)?
-17
Let f(g) = -g**3 - 21*g**2 + 21*g - 25. Let u = 101 - 77. Let y be u/(-21) - 292/14. Determine f(y).
-3
Let g(y) = 2*y**3 + 5*y**2 - 21*y - 154. Let b(l) = -l**3 - 3*l**2 + 10*l + 73. Let t(d) = -9*b(d) - 4*g(d). What is t(-7)?
1
Let h(y) be the first derivative of y**7/840 - 7*y**6/360 - y**5/15 + y**4/4 - 107*y**3/3 + y - 12. Let z(g) be the third derivative of h(g). Give z(8).
6
Let x(q) = q**3 - 4*q**2 - q + 8. Let c be x(3). Let v(w) = w**3 + 3*w**2 - 4*w + 5. Determine v(c).
5
Let m = -86 - -85. Let r(h) = -4*h**3 + 2*h**2 + 4*h + 2. Let q be r(m). Let u(d) = -d**3 + 2*d**2 + 2*d - 1. Give u(q).
-25
Suppose -3*z - 1 = -7. Suppose -4*l - 64 = l + z*u, -5*l = -3*u + 79. Let g = -10 - l. Let q(i) = i - 2. Calculate q(g).
2
Let p(a) = -a**3 + 2*a**2 + 10*a - 8. Let f be p(4). Let v(m) = -19*m + 7*m + 4*m + 11*m + f*m - 18. Calculate v(8).
6
Let z(c) = -c**3 + 3*c**2 + 2. Let q(y) = -3*y**3 + 6*y**2 + 4*y - 16. Let b(v) = q(v) - 4*z(v). Give b(6).
0
Let f(k) = 13 - 39 + k**2 + 4*k + 11. Suppose 0 = -2*q - 2372 + 2358. Determine f(q).
6
Suppose 32 - 18 = 14*x. Let r(w) = -4*w**3 - 3*w**2 + w - x - 6*w**2 + 7*w**2 + 0*w**2. Determine r(-2).
21
Let v = 7087 - 7068. Let w(u) = -2*u**2 + 38*u - 4. What is w(v)?
-4
Let o(k) = 4*k**2 - 14*k - 4. Let z(v) = v**2 - v - 2. Suppose 6*d - 21 = -5*q + 9*d, 5 = 5*q + 5*d. Let f(g) = q*z(g) - o(g). Calculate f(10).
8
Let p(r) = -2*r + 55. Let n be -4*(-6)/(-36) - (-17)/3. Let m(l) = l**3 - 4*l**2 - l + 3. Let v be m(n). Let u be p(v). Let x(i) = i**2 - 11*i + 9. Give x(u).
-9
Let f(m) = m**3 - 5*m**2 + 3. Let o(g) = g**3 + 14*g**2 + 5. Let b(p) = p**2 + 3*p - 32. Let h be b(-6). Let q be o(h). Determine f(q).
3
Let u(q) = 4*q - 12. Let b(n) = -3*n**2 - 9*n + 42. Let i be b(-6). Give u(i).
-60
Let o(x) = x**3 + 3*x**2 - 2*x + 25. Let b be o(-5). Let j(n) = 4*n + 46. Determine j(b).
-14
Let j(z) be the second derivative of 1/20*z**5 + 93*z + 9/2*z**2 + 0 - 3/4*z**4 + z**3. Give j(8).
-7
Let j(v) be the first derivative of v**4 - v**3/3 - v**2/2 - v + 2. Let o = 272 + -273. Determine j(o).
-5
Let m(r) = -r**3 - 2*r**2 - 1. Let l be -1*(-4)/(4/5). Suppose 157 = -l*x - 3*i, -i + 137 = -5*x + i. Let h = 27 + x. Give m(h).
-1
Let m(f) = f + 12. Let r = -76 + 277. Suppose r - 25 = -16*k. Determine m(k).
1
Let o(w) = -3*w**3 - 37*w**2 - 8*w + 47. Let x be o(-12). Let s(c) = 146*c + 139. Determine s(x).
-7
Suppose 3*h + 90 = -3*g, -4*g - 6 = -3*g - 5*h. Let u(s) = -s**3 - 27*s**2 - 24*s + 10. Determine u(g).
-42
Let q = -2 + -1. Let z(h) = 48 - 5*h + 329*h**2 - 25 - 24 - 330*h**2. Give z(q).
5
Let n(p) = p - 11. Let w be n(6). Let l(k) = 9488*k**2 - 5*k + 2 - 9487*k**2 + 10*k - 3 + 3. What is l(w)?
2
Suppose 0 = 7*z - 3*z. Let t(l) = -2*l**3 - 15*l**2 - 12*l - 33. Let o be t(-7). Let q(x) = -x**o - 4 - 2 + 2 + 3 - 2. Calculate q(z).
-3
Let n(k) = -85*k - 419. Suppose 0 = -24*g + 21 + 1 - 142. Give n(g).
6
Let q(c) = c**2 + 1 + 3*c - 11 - 10*c. Let p(a) = -3 - 4 - 3 - 1 + 3*a. Let u be p(6). What is q(u)?
-10
Let v(s) = 2*s**2 - 3. Let a(l) = -l**3 + 13*l**2 - 24*l - 2. Let d be a(11). Let g = 24 + d. Let o = g - -3. Give v(o).
15
Let x(v) = -2*v - 32. Suppose 22*r - 46*r - 1932 = 68*r. Give x(r).
10
Let c(d) = 596*d - 1800*d + 199 + 619*d + 617*d. Calculate c(-6).
7
Let p(y) = 5*y**2 + 2. Let x(o) = -o**2 - 2*o - 1. Let b be (-3 - -11)*(-6 + 52/8). Let a(t) = b*x(t) + p(t). Let l = 7 + -1. Calculate a(l).
-14
Let j(h) = -2*h**2 + 9*h - 4. Let d = -367 + 374. Let f(t) = -t**3 + 9*t**2 - 12*t - 8. Let q be f(d). What is j(q)?
-22
Let v = -2797 - -2800. Let b(l) = l**2. Calculate b(v).
9
Let z be (4/(-7))/(78/(-1365)). Let w(i) be the second derivative of -2*i + 0 - 1/12*i**4 + 11/6*i**3 - 5/2*i**2. Calculate w(z).
5
Suppose 2*q = 14 - 6. Let v(c) = c**2 - 2*c - 4. Let g be v(q). Let z(s) = -6*s - 3 - s + 9 + 5*s**2 - g*s**2. Give z(6).
0
Let d be ((-3)/((-6)/74) + 0)/1. Suppose 4*r = -5*c - d, -4*r = r + c + 20. Let o(g) = 0*g**2 - g**2 - 3*g + 2 - 6. Calculate o(r).
-4
Let o(s) = 25*s**2 + 201*s + 12. Let y be o(-8). Let x(v) = v**2 - 5*v + 4. Determine x(y).
0
Let f(s) = -s**2 - 2. Let r(g) = g**2 + 2. Let y(d) = -3*f(d) - 4*r(d). Let a be 0/(0 + (-10)/5). Calculate y(a).
-2
Let z(s) = s**2 - 6*s + 2. Let a(d) = -9*d + d + 17*d + d**2. Let m be a(-12). Suppose 0 = 5*w - 0*n + 3*n - 32, 5*w - n = m. Give z(w).
9
Let b(p) = 2*p**3 + 40*p**2 - 28*p + 36. Let d(v) = -13*v**3 - 249*v**2 + 169*v - 216. Let x(a) = -19*b(a) - 3*d(a). Determine x(11).
-3
Let s(h) = 102*h + 4. Let n = 2985 + -2984. Calculate s(n).
106
Suppose 2*o + 15 - 5 = 0, 3*u - 4 = -o. Suppose -u*r - 21 = 339. Let v = r - -123. Let q(h) = -h**3 + 3*h**2 + h - 2. Determine q(v).
1
Suppose -3161*g + 41 - 475 = -2727*g. Let x(p) = -6*p + 6. Let v(j) = -5*j + 5. Let n(i) = -5*v(i) + 4*x(i). What is n(g)?
-2
Suppose o + 384 = -16*f + 13*f, -3*f = 5*o + 1932. Let a = 380 + o. Let v(y) = y**3 + 8*y**2 + 5*y - 9. Give v(a).
5
Let s(l) = -17*l**2 + 143*l**3 - 144*l**3 + 6*l - l. Let c(d) = 3*d**3 + 49*d**2 - 15*d + 1. Let a(k) = 6*c(k) + 17*s(k). Determine a(-6